hen 1258 is divided by p?
16
Suppose -n + 3*t + 6 = n, -5*t + 4 = -n. Let b(d) = 2*d**2 - 5*d - 19. What is the remainder when 136 is divided by b(n)?
21
Let f = -9311 - -14981. What is the remainder when f is divided by 227?
222
Suppose -1775 = -10*d + 2085. Calculate the remainder when d is divided by 95.
6
Let f(q) = 3*q**3 - 17*q**2 - 6*q + 4. What is the remainder when 459 is divided by f(6)?
3
Suppose -13*q + 1458 = 2623 - 1711. What is the remainder when q is divided by 16?
10
Let b(w) = 8*w + 93. Let p = 175 - 104. Calculate the remainder when p is divided by b(-11).
1
Let z = 17828 + -17779. Suppose 0 = 2*u + 5 - 13. Suppose u*n - 52 = -0*n. What is the remainder when z is divided by n?
10
Let m(a) = a**2 - 3*a - 13. Suppose -217 + 157 = -6*y. What is the remainder when 170 is divided by m(y)?
56
Suppose -110 + 30 = -2*d. What is the remainder when (-7)/(-14) + ((-1575)/(-10) - 4) is divided by d?
34
Let y be 24*(2 - (-12)/(-8)). Suppose 0 = 2*j + 3*o - y, 2*j + 3*j - o - 47 = 0. Suppose -j*z = -4*z - 65. Calculate the remainder when 37 is divided by z.
11
Let o = 28 + -24. Suppose -o*y = -13 + 1. Calculate the remainder when (5 - 12)/(y/(-9)) is divided by 12.
9
Let z(y) = -2*y**3 - 3*y**2 + 6*y - 2. Let j = 51 - -16. What is the remainder when j is divided by z(-3)?
4
What is the remainder when (-1032)/(-16) + -10 + (-22)/4 + 4 is divided by 30?
23
Calculate the remainder when 329 is divided by 65*((-87)/(-116))/((-3)/(-4)).
4
Let a(c) = -c**2 + 1. Let y(s) = -s**3 - 7*s**2 - 14*s + 24. Let g(t) = 3*a(t) + y(t). What is the remainder when 28 is divided by g(-8)?
6
Let b(l) = -142*l + 18. Let a(s) = -214*s + 28. Let f(r) = 5*a(r) - 8*b(r). What is the remainder when f(1) is divided by 24?
14
Let v(b) = b**3 + 8*b**2 + 13*b + 8. Let x be (4 - -2)/(-1*(4 - 3)). Calculate the remainder when 3 is divided by v(x).
1
Suppose -6*k = 4*k - 22*k. Suppose -4*b + 41 + 185 = -2*j, b + 4*j - 79 = k. Let n(u) = 32*u**2 + u. Calculate the remainder when b is divided by n(-1).
28
Let r(z) = 2*z**2 - 3*z + 4. What is the remainder when r(-4) is divided by (66 - 1764/28 - 8/(-1 + 2))/(-1)?
3
Let p(c) = -c**3 + 34*c**2 - 95*c + 46. Let s be p(31). Calculate the remainder when (-29)/232 + (1 - 1282/s) is divided by 17.
13
Suppose -3*t - 9 = -111. Suppose -t = -4*r + 2. Let o(x) = -483*x - 26542. What is the remainder when o(-55) is divided by r?
5
Let f be ((-5)/15)/((-6)/(-18))*-323. Let t be 2/(-1)*(-223)/(-2). Calculate the remainder when 36 is divided by t/(-17) - 38/f.
10
Suppose 4*p = 1208 + 196. Suppose 0 = 73*g - 64*g - p. What is the remainder when g is divided by 21?
18
Let x(u) = -u**2 - 7*u + 815. What is the remainder when 14487 is divided by x(25)?
12
Suppose 0 = 3*q + 4*v - 100 + 399, -4*q - 440 = -5*v. Let a = 601 + -545. What is the remainder when a is divided by (8/(-10))/(7/q)?
8
Suppose 15*n - 31*n + 180 = -7*n. Let q = 3 + 5. What is the remainder when n is divided by q?
4
Let p = -6401 + 6547. What is the remainder when 332 is divided by p?
40
Let s(u) = u**2 - 2*u. Let o be s(-1). Let m be (81/(-2))/(o/4). What is the remainder when (-8)/(-2) + -3 - m is divided by 19?
17
Suppose -4*u - 4*g + 7768 = 0, 250*u - 1952 = 249*u + 4*g. What is the remainder when u is divided by 9?
0
Let o(h) = -h**2 + h + 74. Let q be o(9). Suppose q*b = -3*w + 108, 172 + 8 = 5*w - 3*b. Calculate the remainder when 71 is divided by w.
35
Suppose 71*c = 949 + 1110. Calculate the remainder when 436 is divided by c.
1
Let v(i) = -i**3 + 26*i**2 - 24*i - 18. Let j be v(25). Suppose -j = -3*g - 10, -3*d + 34 = -4*g. Calculate the remainder when 77 is divided by d.
7
Suppose -1 - 62 = -z. Suppose 956*n = 1063*n - 2354. Calculate the remainder when z is divided by n.
19
What is the remainder when 2270 is divided by ((-42)/(-12))/(17 - 1521/90)?
30
Suppose 7*d - d = 120. Suppose -5*i - 3 + 3 = 0. Let a(v) = v**3 + v**2 + 98. Calculate the remainder when a(i) is divided by d.
18
Suppose 0 = -2*l - p + 55, -6*l + 3*p - 135 = -11*l. Let a = -60925 - -60989. Calculate the remainder when a is divided by l.
4
Suppose 5*o = -2*z + 33, 2*z + z = -o + 17. Suppose -3*k = -8*k + 2*g + 107, 46 = 2*k - z*g. What is the remainder when k is divided by 4?
1
Suppose 0 = -z - 5*f + 2047, 66*z - 5*f = 63*z + 6241. Calculate the remainder when z is divided by 63.
56
Suppose 2 = -x, -3*x + 446 = -4*c + 3172. What is the remainder when c is divided by 86?
78
Let t = 3932 - 3902. Calculate the remainder when t is divided by 1.
0
Let m = 3 + 0. Suppose 4*v - 5*t - 388 = 0, -2*v = v - m*t - 291. What is the remainder when v is divided by (85 + -97)*5/(-3)?
17
Suppose -14*g - 3655 = -70*g - 29*g. What is the remainder when g is divided by 11?
10
Suppose -1771 = -416*x + 2155 + 3146. Let u(k) = k**2 + k. Let p = 1 - 7. What is the remainder when u(p) is divided by x?
13
Let q = 641 + -633. Let g(o) = -6*o - 2. Let f be g(-4). Suppose 4*l = -3*a + 3, 4*l + 0*l + f = 2*a. Calculate the remainder when q is divided by a.
3
Let p = 1160 + -1102. What is the remainder when 200 is divided by p?
26
Suppose 0 = 3*b - 2*q - 3386, 7*b - 4558 = 3*b - 6*q. Calculate the remainder when b is divided by 13.
1
Let b(u) = 2*u + 68. Let i be b(-32). Suppose i*n + 348 = 2*s + 102, 4*s - 518 = -5*n. Calculate the remainder when s is divided by 33.
28
Suppose -73 = -24*a - 25. What is the remainder when 277 is divided by a?
1
Suppose 1323*x + 2*r = 1324*x - 20, 4*x - 120 = 3*r. Calculate the remainder when 17638 is divided by x.
34
Let f be -1*(543/(-9) - 1/(-3)). Suppose -3*t + 212 = -2*h, -5*h = -2*t + f + 96. Calculate the remainder when 676 is divided by t.
64
Let p = -859 - -859. Suppose 0*w + 57 = w. Suppose -20*f + 23*f - w = p. What is the remainder when 35 is divided by f?
16
Let g(o) = 31*o + 2060. Calculate the remainder when g(-36) is divided by 40.
24
Suppose 2*k + 2*v - 50 = 0, 2 = -3*v + 4*v. Suppose 4*t = 4*s - 5 - k, 2*t = -5*s + 49. Calculate the remainder when 34 is divided by s.
7
Let n(h) = -2*h**3 - 2*h**2 - 3*h. Let m be n(-2). Suppose 15*t - 2*p - 19 = m*t, 9 = t + 3*p. What is the remainder when 45 is divided by t?
0
Let x(n) = -n**3 - 5*n**2 + 2. Let q be x(-5). Suppose -7*v - 5*a = -q*v - 235, -5*v + 275 = -5*a. Calculate the remainder when v is divided by 11.
7
Let y = 1660 + -1645. Suppose 3*t - t = h, t - 33 = -5*h. What is the remainder when y is divided by h?
3
Let v = 10742 - 8580. What is the remainder when v is divided by 19?
15
Suppose -2*d - 17 + 25 = 0. Suppose 70 = 5*r + d*x - 5, -5*x - 120 = -5*r. Suppose -16 = -5*f - 1. Calculate the remainder when r is divided by f.
1
Let l = 12 + -4. Let z(q) = 46*q**3 + 4*q**2 - 6*q + 2. Suppose 0 = 2*u - 14*u + 12. Calculate the remainder when z(u) is divided by l.
6
Suppose -16972 = -12*f - 68*f - 2492. What is the remainder when 722 is divided by f?
179
Let y be ((-1)/((-2)/34))/(33/33). What is the remainder when 1073/y + (-2)/51*3 is divided by 13?
11
Calculate the remainder when 4*2/(2/11) is divided by (26/6 - 4)*(-15 + 30).
4
Suppose -52040*m = -52024*m - 76384. What is the remainder when m is divided by 433?
11
Suppose -175*u + 249*u - 597682 = -95814. Calculate the remainder when u is divided by 36.
14
Let w(h) = 2*h**2 + 6*h - 9. What is the remainder when w(6) is divided by 2/(4/(-26) + (-56)/(-182))?
8
Let n = 388 - -508. Suppose -n*c + 387 = -887*c. What is the remainder when 135 is divided by c?
6
Let f = -8744 - -8818. What is the remainder when 2227 is divided by f?
7
Suppose n - 6*n - 3*w = -13, -n = 5*w - 7. Suppose -3*r + 320 = 5*i, 5*i - 8*i = n*r - 192. What is the remainder when 254 is divided by i?
62
What is the remainder when 36/3*(4 + (-40)/(-30)) is divided by 5/(-20) - (-159)/12?
12
Let c(f) = 2*f**3 + 4*f**2 - 5*f - 1. What is the remainder when c(4) is divided by 23?
10
Calculate the remainder when (14*(-4)/(-56))/((-2)/(-1454)) is divided by 240.
7
Calculate the remainder when 215 + -19 + 9 - -1 is divided by 42.
38
Let p(k) = 2*k**2 + 5*k + 3. Let o = -23 - -27. What is the remainder when o/(((-8)/(-108))/1) is divided by p(-5)?
26
Let s = -3 - -6. Let b be (s + 7 + -2)/2. Suppose b*u = 19 + 33. What is the remainder when 89 is divided by u?
11
Let m be -3*(-10)/3*45/150. Suppose -x + 12 = -5*d 